test common divisor of 38 and 4237?
19
Calculate the greatest common factor of 84 and 3444.
84
Calculate the greatest common divisor of 356 and 8.
4
What is the greatest common divisor of 87 and 203?
29
Calculate the highest common factor of 55 and 65.
5
Calculate the greatest common factor of 341 and 124.
31
What is the greatest common factor of 54 and 405?
27
Calculate the greatest common factor of 8 and 26584.
8
Calculate the greatest common divisor of 70 and 252.
14
What is the highest common factor of 4668 and 12?
12
What is the greatest common factor of 2001 and 87?
87
Calculate the greatest common divisor of 288 and 90.
18
Calculate the highest common divisor of 435 and 5745.
15
What is the highest common factor of 56 and 5404?
28
What is the highest common factor of 2842 and 58?
58
What is the greatest common divisor of 40 and 345?
5
Calculate the highest common factor of 7 and 2.
1
Calculate the highest common divisor of 2279 and 258.
43
What is the greatest common divisor of 270 and 60?
30
Calculate the highest common divisor of 21 and 69321.
21
What is the greatest common divisor of 1353 and 66?
33
What is the highest common divisor of 2482 and 68?
34
What is the highest common factor of 18 and 59040?
18
What is the highest common divisor of 30 and 390?
30
What is the highest common factor of 1189 and 261?
29
Calculate the highest common factor of 18 and 342.
18
What is the greatest common factor of 87 and 6?
3
Calculate the greatest common divisor of 160 and 200.
40
Calculate the highest common divisor of 96 and 160.
32
What is the highest common factor of 12054 and 492?
246
Calculate the highest common divisor of 273 and 156.
39
What is the highest common factor of 1656 and 216?
72
Calculate the highest common divisor of 1012 and 352.
44
What is the highest common factor of 80 and 56880?
80
What is the highest common factor of 949 and 13?
13
What is the greatest common divisor of 5574 and 12?
6
Calculate the greatest common factor of 1922 and 62.
62
Calculate the highest common factor of 741 and 195.
39
Calculate the highest common divisor of 1517 and 74.
37
Calculate the highest common divisor of 1 and 263.
1
Calculate the greatest common divisor of 44 and 286.
22
What is the highest common factor of 48 and 27?
3
What is the highest common divisor of 5253 and 927?
309
Calculate the greatest common divisor of 1509 and 3.
3
Calculate the highest common factor of 2 and 4.
2
What is the greatest common factor of 1240 and 217?
31
What is the greatest common divisor of 462 and 2562?
42
What is the greatest common divisor of 576 and 16?
16
What is the highest common factor of 722 and 38?
38
What is the highest common factor of 42 and 192?
6
What is the greatest common divisor of 20930 and 210?
70
What is the highest common divisor of 96 and 18720?
96
What is the highest common factor of 14 and 1309?
7
What is the greatest common factor of 32430 and 460?
230
What is the greatest common factor of 32 and 22?
2
Calculate the greatest common factor of 190 and 6859.
19
What is the highest common divisor of 5700 and 152?
76
Calculate the highest common divisor of 20 and 45.
5
Calculate the highest common divisor of 35 and 20.
5
Calculate the greatest common divisor of 17802 and 2070.
414
What is the greatest common divisor of 9648 and 96?
48
What is the greatest common divisor of 576 and 2088?
72
What is the highest common divisor of 50 and 225?
25
What is the greatest common factor of 704 and 968?
88
Calculate the greatest common divisor of 623 and 7.
7
What is the greatest common factor of 16 and 2?
2
Calculate the highest common divisor of 21 and 3997.
7
What is the greatest common factor of 42 and 6860?
14
What is the greatest common divisor of 32 and 544?
32
What is the highest common divisor of 86 and 36851?
43
What is the greatest common divisor of 5020 and 40?
20
Calculate the greatest common divisor of 12522 and 24.
6
Calculate the greatest common divisor of 660 and 30.
30
What is the highest common factor of 459 and 408?
51
What is the highest common divisor of 11336 and 52?
52
What is the highest common divisor of 2691 and 3042?
117
Calculate the greatest common divisor of 87 and 23780.
29
What is the highest common divisor of 7093 and 82?
41
Calculate the greatest common factor of 21 and 161.
7
Calculate the highest common factor of 408 and 240.
24
Calculate the greatest common divisor of 448 and 28.
28
Calculate the highest common divisor of 280 and 1190.
70
What is the highest common factor of 176 and 80?
16
Calculate the highest common factor of 8083 and 274.
137
What is the highest common factor of 130 and 95?
5
What is the greatest common divisor of 40 and 88?
8
Calculate the greatest common divisor of 68 and 85.
17
Calculate the highest common divisor of 145 and 116.
29
What is the greatest common divisor of 525 and 21?
21
Calculate the greatest common divisor of 11 and 341.
11
Calculate the highest common factor of 37 and 296.
37
What is the greatest common divisor of 134 and 134?
134
Calculate the greatest common divisor of 15918 and 42.
42
Calculate the highest common divisor of 576 and 720.
144
What is the greatest common factor of 44 and 3531?
11
Calculate the greatest common factor of 369 and 861.
123
Calculate the highest common divisor of 13 and 169.
13
What is the highest common factor of 736 and 414?
46
What is the highest common factor of 44 and 594?
22
What is the highest common divisor of 17 and 2499?
17
What is the highest common divisor of 52 and 84?
4
What is the greatest common divisor of 24949 and 61?
61
What is the greatest common divisor of 1633 and 994?
71
Calculate the highest common factor of 60 and 540.
60
Calculate the greatest common divisor of 928 and 80.
16
What is the highest common divisor of 49 and 140?
7
Calculate the highest common divisor of 726 and 44.
22
What is the highest common factor of 91 and 156?
13
Calculate the greatest common divisor of 196 and 490.
98
Calculate the greatest common factor of 13 and 30953.
13
Calculate the highest common divisor of 33 and 42.
3
Calculate the greatest common divisor of 2466 and 2.
2
Calculate the highest common factor of 2184 and 168.
168
What is the greatest common factor of 75 and 15800?
25
Calculate the greatest common divisor of 564 and 4.
4
Calculate the highest common factor of 34 and 170.
34
Calculate the greatest common factor of 852 and 42.
6
What is the highest common factor of 52 and 4108?
52
What is the greatest common divisor of 420 and 660?
60
What is the greatest common divisor of 10498 and 638?
58
Calculate the highest common divisor of 40 and 252.
4
What is the highest common divisor of 6 and 11?
1
Calculate the highest common divisor of 8 and 416.
8
Calculate the greatest common factor of 93 and 3069.
93
What is the greatest common factor of 532 and 140?
28
Calculate the greatest common divisor of 10 and 1495.
5
Calculate the highest common divisor of 38 and 1387.
19
Calculate the greatest common divisor of 465 and 15.
15
What is the highest common divisor of 144 and 1989?
9
Calculate the greatest common factor of 2 and 1163.
1
What is the highest common divisor of 1235 and 4085?
95
Calculate the greatest common divisor of 3 and 951.
3
Calculate the greatest common divisor of 368 and 299.
23
Calculate the greatest common factor of 90 and 1050.
30
Calculate the greatest common divisor of 435 and 5945.
145
What is the highest common divisor of 238 and 221?
17
What is the highest common divisor of 168 and 2576?
56
Calculate the highest common divisor of 485 and 2134.
97
What is the greatest common factor of 832 and 256?
64
What is the highest common factor of 84 and 154?
14
What is the greatest common divisor of 12 and 76?
4
Calculate the highest common divisor of 12 and 252.
12
Calculate the greatest common factor of 16 and 4624.
16
What is the highest common divisor of 35 and 903?
7
Calculate the highest common divisor of 16068 and 156.
156
What is the greatest common factor of 136 and 1054?
34
What is the greatest common divisor of 19 and 19?
19
What is the greatest common divisor of 391 and 46?
23
Calculate the greatest common divisor of 7777 and 616.
77
Calculate the greatest common divisor of 1302 and 147.
21
What is the gre